= 3*g - 7. Calculate the remainder when m(l) is divided by 8.
7
Let g(v) be the third derivative of v**6/120 + v**5/60 + v**4/24 + v**3/3 + 2*v**2. Let o(i) = i + 1. What is the remainder when o(3) is divided by g(0)?
0
Let d be (1/(-2))/(5/(-30)). Suppose -11 = -d*w + 31. Suppose 122 + 42 = 4*c. What is the remainder when c is divided by w?
13
Suppose -4*r = f - 61, 0 = r + 4. Calculate the remainder when f is divided by 16.
13
Suppose 4*s + 120 = 4*i, 0*i = i + 5*s - 36. Let m = i - 19. Suppose -4*t + 8 + m = 0. What is the remainder when t is divided by 2?
1
Suppose -i - 162 = -3*t - 3, 53 = t - i. Let l = -96 + t. Let b = 60 + l. Calculate the remainder when b is divided by 6.
5
Let r = -5 - -6. Let t be 1 + -2 + (202 - r). Calculate the remainder when (-8)/36 + t/9 is divided by 8.
6
Let i = -99 - -137. What is the remainder when 225 is divided by i?
35
Let o(l) = 3 + 0*l**2 + 0*l**2 + l**2. Let k = 85 - 50. Calculate the remainder when k is divided by o(-3).
11
Suppose 0 = 3*n - n - 72. Let y be (-8)/36 - 38/(-9). Suppose 3*u - 50 = y*a - 7, 2*u - a - 27 = 0. What is the remainder when n is divided by u?
10
Let i = 9 - -34. Calculate the remainder when i is divided by (-1 - (-14)/(-8))*-4.
10
Suppose -q = -6*q + 130. Calculate the remainder when q is divided by 10.
6
Let f(o) = -o**3 + 5*o**2 + 5*o - 2. Let l be f(6). Calculate the remainder when (-2)/l*6*2 is divided by 1.
0
Let s(c) = c**2 - 8*c + 4. Let w be (1/(-3))/(1/(-15)). Let h be (-2)/(w - 1)*-18. What is the remainder when s(h) is divided by 8?
5
Let h be (-12)/1 + (-3 - -2). Let u = h - -20. Calculate the remainder when u is divided by 2.
1
Let t(q) = -q**3 - q**2 - 3*q - 1. Let s be t(-2). Suppose -4*p = 4*i - 2*p - 80, i - s = 5*p. What is the remainder when 35 is divided by i?
16
What is the remainder when 118 is divided by ((-4)/2 - -2) + (9 - -6)?
13
Suppose 5*n = 2*a + 436, 0*a + 5*a + 187 = 2*n. What is the remainder when n is divided by 22?
20
Let l(n) = n**2 - 7*n - 1. Calculate the remainder when 330/27 - 2/9 is divided by l(8).
5
Suppose -2*n + n = -8. Let p = n + -2. Calculate the remainder when 15 is divided by p.
3
Let a(h) = -40*h**3 - 2*h - 2. What is the remainder when 117 is divided by a(-1)?
37
Let w(b) = 2*b**3 + 2*b**2 + 1. Let r be w(-3). Let q = r - -49. Let z = 42 + -3. What is the remainder when z is divided by q?
11
Let h = 71 - 63. Calculate the remainder when 23 is divided by h.
7
Let k(y) = -y**2 + 11*y - 12. Let n be k(9). Suppose -h + n*h + 30 = 0. What is the remainder when 25 is divided by (-58)/h + 4/(-6)?
7
Let k(t) = -t**3 - 2*t**2 + 24*t. What is the remainder when k(-7) is divided by 13?
12
Let c = -6 - -18. Let r = -5 + 7. Suppose -3*b + 2*b - 2*g = -41, 2*b + r*g - 76 = 0. Calculate the remainder when b is divided by c.
11
Suppose 7*a = 5*a + 4. Suppose -x = -a*x + 16. What is the remainder when x is divided by 6?
4
Let a = -9 + 6. What is the remainder when (-1)/(a - -4)*-50 is divided by 26?
24
Let c be -1 + (-3)/6*-26. Suppose -2*s = -3*s + c. What is the remainder when 35 is divided by s?
11
Suppose -3*a + 62 = 26. Let t(f) = -f. Let o be t(2). Let g(u) = 9*u**2 + 2*u + 2. What is the remainder when g(o) is divided by a?
10
Suppose q + 4*t = -20, 4 = q + 4*t - 8*t. Let a = 20 + q. Suppose -42 = -2*v - r, -5*v + 113 = 5*r + 18. What is the remainder when v is divided by a?
11
Let y(h) = h**3 - 2*h**2 - h - 3. Let p = 66 - 56. What is the remainder when p is divided by y(3)?
1
Let a = -10 + 20. What is the remainder when 28 is divided by a?
8
Suppose -7*f - 20 = -76. What is the remainder when 30 is divided by f?
6
Let r(c) = -c**3 + 5*c**2 - c - 4. Let y be r(5). Let u = y - -14. Suppose 2*v + 0*v = 3*s - 46, v = u*s - 65. What is the remainder when 45 is divided by s?
9
Let r(o) = 2*o**3 - 3*o - 4. Let a = -94 - -115. What is the remainder when r(3) is divided by a?
20
Let g(z) = -24*z - 3. Let c be g(-3). Let y = 87 - 46. Let p = c - y. Calculate the remainder when p is divided by 15.
13
Let s = -7 - -25. Suppose -3*n + 8*n - 350 = 0. Calculate the remainder when n is divided by s.
16
Calculate the remainder when 9 is divided by (-5)/(-7)*4*(-42)/(-24).
4
Suppose 5*y + 121 = -4*v, -y - 2*y = 3*v + 72. Let h = -12 - y. Calculate the remainder when h is divided by 4.
1
Suppose 3*u = 2*j - 31, -5*u = -j + 4 + 22. What is the remainder when j is divided by 5 + (0 + -1)*1?
3
Suppose -4*r - g + 1327 = 0, 3*g + 1665 = 5*r - 2*g. Suppose 5*h - r = -4*c, 471 - 15 = 5*c - 4*h. Calculate the remainder when c is divided by 30.
28
Calculate the remainder when 11 is divided by (-8)/(-6)*81/36.
2
Let s(m) = 5*m**2 - 1. Calculate the remainder when 2/2 + (-28)/(-7) is divided by s(-1).
1
Let j be ((-1)/3)/((-4)/180). Let g = j + -11. Suppose g*w - 42 = -2*t, 3*w + 4*t - t = 33. What is the remainder when w is divided by 6?
4
Let d(f) be the first derivative of 2*f**3/3 + 4*f**2 - 5*f - 2. Let n be d(-6). Let o = n + -1. What is the remainder when 52 is divided by o?
16
Let d(v) be the first derivative of -5*v**4 + 2*v**3/3 - v - 6. Calculate the remainder when 81 is divided by d(-1).
18
Suppose h - 19 = 4*i, -3*i - 112 = -6*h + h. What is the remainder when h is divided by 12?
11
Let l(b) = 3*b + 12. Let v(r) = -r - 1. Let i(o) = l(o) + 2*v(o). Let s be i(0). Suppose -x + s = x. Calculate the remainder when x is divided by 2.
1
Suppose -144 = -4*p - 4*w, -5*p = 5*w - 4*w - 164. Calculate the remainder when p is divided by 7.
4
Suppose 6*x + 343 = 13*x. Calculate the remainder when x is divided by 21.
7
Let t = -131 + 228. What is the remainder when t is divided by 25?
22
What is the remainder when (-2)/(-1)*70/5 is divided by 16?
12
Let a(t) = -t + 4. Suppose -3 = -2*y + 3. What is the remainder when y is divided by a(3)?
0
Suppose 5 = c + 13. Let f = c + 12. What is the remainder when f is divided by 3?
1
Suppose -5*n = -3*q - 11, 4*q + 0*n - 8 = n. What is the remainder when 8 is divided by q?
2
Suppose -2 - 8 = -2*d. Let i be d/((-10)/6) + 6. Suppose -i*z = -0*z - 51. What is the remainder when 33 is divided by z?
16
Suppose -4*t = 4*f - 156, -2*f + 131 = 4*t - 23. Suppose -u = u + 5*o - 50, 0 = 2*u - o - 38. What is the remainder when t is divided by u?
18
Let v(d) = -34*d - 6. Calculate the remainder when v(-2) is divided by 22.
18
Let p = 69 - 34. What is the remainder when p is divided by 19?
16
Let u(f) = -13*f - 15. What is the remainder when u(-9) is divided by 26?
24
Let t(c) = -c**2 + 5*c + 5. Let k be t(6). Let y be 19*(k - -2)*-1. Let a = -7 - y. Calculate the remainder when 23 is divided by a.
11
Let w(k) = 17*k**2 + 4*k + 2. Suppose -5*l - 15 = -5. Suppose -8 = -s + 13. Calculate the remainder when w(l) is divided by s.
20
Suppose -5*n = -2*k - 2*k + 27, -2*n - 42 = -4*k. Calculate the remainder when (5 - ((-8 - -5) + -45)) + -4 is divided by k.
10
Suppose u + 102 = -39. What is the remainder when (-1)/(-1 + (-138)/u) is divided by 25?
22
Let p = 65 - 41. Suppose 3*z + 100 = 7*z. Suppose -3*j + 20 = l - 24, -z = -5*l. What is the remainder when p is divided by j?
11
Let b be 2*2*3/12. What is the remainder when 46 is divided by (10/b - -2) + 0?
10
Calculate the remainder when 43 is divided by 26 - 7/(7/4).
21
Let m = -3 + 29. What is the remainder when m is divided by 15?
11
Let r(u) = -2*u. Let k be r(2). Let q = k + 6. Suppose 63 = 8*o - 3*o - h, q*o + h - 28 = 0. What is the remainder when 37 is divided by o?
11
Let t = -12 + 9. Calculate the remainder when (2 + t)*(-40 + 1) is divided by 10.
9
Let r be 4/(-14) + 4/14. Suppose 4*t = r, -n - 50 = -6*n + 2*t. Calculate the remainder when (1 + -1 - n)*-4 is divided by 14.
12
Suppose -17*x - 13 = -18*x. What is the remainder when 51 is divided by x?
12
Suppose 36 = 2*r + 5*x, 4*r + 5*x - 72 = 2*x. Let n be 15 + -1 - (-3)/3. Suppose 20 + n = p. What is the remainder when p is divided by r?
17
Let g(l) = 3*l**3 - 3*l**2 + l. Calculate the remainder when g(3) is divided by 2 + 13 + (0 - 0).
12
Let v = 61 + -71. Suppose 5*d + 76 = 1. Let c = v - d. Calculate the remainder when 13 is divided by c.
3
Let d(z) = -z**3 - 10*z**2 - 10*z + 9. Suppose 0 = 2*m - 5 + 11. Let b = m + -6. Calculate the remainder when d(b) is divided by 10.
8
Let g = 249 + -134. Let k = g - 50. Let l = -45 + k